nd 2716092?
108
What is the greatest common factor of 180 and 11344680?
180
Calculate the highest common factor of 45035729 and 13329.
1481
Calculate the greatest common divisor of 85866285 and 105.
15
What is the highest common divisor of 28515894 and 330?
66
What is the greatest common divisor of 19600 and 1180312?
392
What is the greatest common factor of 367345999 and 458?
229
What is the highest common divisor of 22 and 171406?
2
Calculate the greatest common factor of 6939 and 31725.
27
What is the greatest common divisor of 5254 and 424538?
74
Calculate the greatest common divisor of 476 and 27085352.
476
Calculate the greatest common divisor of 228 and 6319647.
57
What is the highest common factor of 3881331 and 19575?
783
Calculate the highest common divisor of 4925 and 1063550.
25
What is the greatest common factor of 4966 and 359866?
26
Calculate the highest common factor of 122 and 1196798101.
61
Calculate the highest common divisor of 973543 and 321051.
1039
Calculate the greatest common factor of 411607802 and 4596.
766
Calculate the greatest common factor of 293569 and 76.
19
What is the highest common factor of 562 and 1257028210?
562
Calculate the highest common factor of 376 and 9368824.
8
Calculate the highest common divisor of 5160 and 3928695.
645
What is the greatest common divisor of 154 and 3353317?
11
Calculate the greatest common factor of 48755110 and 2910.
970
What is the highest common divisor of 29118 and 53?
1
Calculate the highest common divisor of 2028 and 39411138.
1014
What is the greatest common factor of 11976 and 11021912?
3992
Calculate the greatest common divisor of 68402 and 12374.
46
What is the highest common factor of 291902262 and 186?
186
What is the greatest common divisor of 120763196 and 428?
428
Calculate the greatest common factor of 2304 and 342288.
144
Calculate the highest common factor of 8811375 and 60.
15
Calculate the greatest common factor of 8473682 and 1516.
758
Calculate the highest common divisor of 134352 and 8570538.
5598
What is the highest common divisor of 467578 and 54090?
1202
Calculate the greatest common divisor of 413585 and 263536.
181
What is the greatest common factor of 138303 and 28321?
127
What is the highest common factor of 3366 and 79013178?
306
What is the highest common factor of 2463024 and 38412?
1164
What is the highest common divisor of 1011485 and 472784?
2273
What is the greatest common factor of 55888568 and 232?
232
What is the greatest common divisor of 12026002 and 3982?
362
What is the highest common factor of 725171 and 2367727?
8737
What is the highest common factor of 637 and 2203747?
91
What is the greatest common divisor of 3501 and 16028356?
389
Calculate the highest common divisor of 44 and 12784508.
44
Calculate the highest common factor of 1298 and 408236576.
1298
Calculate the greatest common factor of 4891546081 and 139.
139
Calculate the greatest common factor of 372 and 35989636.
124
Calculate the highest common divisor of 106 and 707369694.
106
Calculate the highest common divisor of 1684 and 90765916.
1684
What is the greatest common divisor of 3812481 and 59079?
1257
Calculate the greatest common divisor of 286 and 358062562.
286
What is the greatest common factor of 11082029 and 1475?
59
What is the greatest common factor of 16236 and 754479?
99
Calculate the highest common divisor of 123252771 and 204.
51
Calculate the greatest common factor of 280207657 and 87.
29
Calculate the highest common divisor of 27894272 and 112.
112
What is the greatest common divisor of 57558280 and 180844?
6236
Calculate the highest common divisor of 32228565 and 15.
15
What is the highest common divisor of 1359 and 7639241?
151
What is the highest common factor of 3512124 and 70884?
396
Calculate the highest common factor of 4 and 11290384.
4
What is the greatest common factor of 18752 and 634052?
1172
What is the highest common factor of 1200 and 17171400?
600
Calculate the highest common divisor of 115549 and 371.
7
What is the greatest common factor of 800088 and 6307?
901
What is the highest common factor of 45719 and 3381461?
349
Calculate the highest common divisor of 31792583 and 111.
37
Calculate the highest common factor of 5400 and 2225000.
200
What is the highest common divisor of 747029745 and 330?
165
What is the greatest common divisor of 291256 and 1977866?
1486
Calculate the greatest common factor of 30 and 61772790.
30
Calculate the highest common factor of 146792 and 58779.
311
What is the highest common factor of 1918 and 107332239?
959
Calculate the greatest common divisor of 2780 and 21643968.
556
Calculate the highest common factor of 1560 and 21881600.
520
What is the greatest common factor of 973122 and 1182?
6
Calculate the greatest common factor of 1495 and 5850325.
65
Calculate the highest common factor of 4392 and 76072368.
1464
Calculate the highest common divisor of 319424913 and 20763.
6921
What is the highest common divisor of 1001 and 520247?
91
Calculate the greatest common divisor of 1182 and 319911846.
1182
What is the greatest common factor of 30 and 46059015?
15
What is the greatest common factor of 116820228 and 458?
458
Calculate the greatest common factor of 3766742 and 904.
226
What is the greatest common factor of 6 and 3890949?
3
What is the highest common divisor of 714 and 4333371?
21
Calculate the greatest common factor of 691509 and 535738.
119
What is the highest common factor of 3685946 and 66?
22
What is the highest common divisor of 27531 and 7833294?
1449
What is the greatest common divisor of 725977 and 21497?
259
Calculate the highest common factor of 998 and 976078.
2
Calculate the greatest common factor of 32148 and 2206508.
76
Calculate the greatest common factor of 9784719 and 9072.
567
Calculate the highest common factor of 14 and 854179991.
7
What is the greatest common divisor of 146431 and 85322?
1153
Calculate the greatest common divisor of 9 and 112313367.
9
Calculate the highest common divisor of 63519 and 1056108.
93
Calculate the greatest common factor of 28 and 65566132.
4
Calculate the highest common divisor of 281 and 386114513.
281
What is the highest common divisor of 938167 and 17390?
47
Calculate the highest common divisor of 1235661 and 2262.
87
What is the greatest common divisor of 140863410 and 90?
90
What is the highest common divisor of 132 and 817641?
33
Calculate the highest common divisor of 55 and 989241.
11
What is the highest common divisor of 111917388 and 5077?
5077
What is the highest common divisor of 10563 and 16041173?
503
What is the highest common divisor of 10659 and 37961?
187
What is the greatest common divisor of 408 and 25790088?
408
Calculate the greatest common divisor of 49733119 and 1509.
503
Calculate the highest common divisor of 3036 and 1799796.
276
What is the greatest common divisor of 143 and 59885969?
143
What is the highest common divisor of 6382840 and 164?
4
Calculate the highest common divisor of 57376 and 2059552.
352
What is the highest common divisor of 277069040 and 6547?
6547
What is the greatest common factor of 5043676 and 553?
79
Calculate the highest common factor of 233108 and 6.
2
Calculate the greatest common divisor of 21 and 23886548.
7
Calculate the greatest common divisor of 44171643 and 61907.
1997
Calculate the greatest common divisor of 1600 and 14850.
50
Calculate the greatest common divisor of 27 and 8500977.
27
What is the greatest common divisor of 3253192 and 8?
8
What is the greatest common factor of 6911680 and 38720?
320
What is the greatest common divisor of 273620095 and 6590?
3295
Calculate the highest common divisor of 17 and 385999467.
17
What is the highest common divisor of 9 and 352391643?
9
Calculate the highest common factor of 915304 and 104104.
1352
What is the greatest common divisor of 140179347 and 11655?
2331
Calculate the greatest common factor of 39364 and 5044.
52
Calculate the highest common factor of 3147300 and 77220.
2340
Calculate the highest common factor of 60780 and 45.
15
What is the highest common divisor of 25146 and 167211?
99
What is the highest common factor of 52287080 and 2235?
745
Calculate the highest common divisor of 29232217 and 1204.
301
What is the highest common div